 by (-2)/8 - (-10)/8?
0
What is the remainder when (-637)/(-4) + (-2)/8 is divided by 38?
7
Let o be 2*(-3 - -2) - -121. Suppose o + 181 = a. Suppose -x = 2*x - a. What is the remainder when x is divided by 26?
22
Let j(l) = 2*l + 1. Suppose 0 = -12*k + 4*k + 48. What is the remainder when j(5) is divided by k?
5
Let o be 332/(-16)*-11 - 3/12. Let r = -8 + 11. Suppose -r*l + 0*l + o = 0. What is the remainder when l is divided by 26?
24
Let v be 5*4/40*12. Let t = v - 4. Let f = 5 + 0. What is the remainder when f is divided by t?
1
Let t(r) = r**3 + 44*r**2 - 43*r + 11. Let n be t(-45). Let o = -122 - 9. Let y = n - o. Calculate the remainder when y is divided by 27.
25
Let t(g) = g**3 - 57*g**2 - 63*g + 325. Calculate the remainder when 75 is divided by t(58).
5
Let i(k) = 4*k + 8. Let p be i(-2). Suppose m + c = 12 - 6, -5*m + c + 24 = p. What is the remainder when 9 is divided by m?
4
Let z(o) = o**2 + o + 35. Suppose 0 = 3*i + 3*d, -3*i = i - 3*d + 28. What is the remainder when z(0) is divided by 0 + 1 + (-44)/i?
11
Suppose -l + 0*l - g = -6, -14 = -5*l + 3*g. Suppose -l*a + 179 + 21 = -j, -2*j = -2*a + 106. Calculate the remainder when a is divided by 25.
24
Calculate the remainder when 42 is divided by -4*(2 - (3 - 0)).
2
Let q(s) = s**2 - 7*s + 12. Let k be q(8). Let r = 6 + 48. Let m = r - k. Calculate the remainder when m is divided by 18.
16
Let x = 7 + 5. Let v = 10 + x. What is the remainder when v is divided by 20/3 + 2/(-3)?
4
Let c = 323 + -309. Calculate the remainder when 44 is divided by c.
2
Suppose t - 107 = -2*t - 2*d, 4*t + d - 136 = 0. Let g be 1/(-1 - (-36)/t). Suppose g*f - 34 = 9*f. Calculate the remainder when f is divided by 5.
2
Let v(l) = -l**3 - 20*l**2 - 3*l - 6. Suppose 8*r = 11*r + 60. Calculate the remainder when v(r) is divided by 14.
12
Suppose 2*k - 161 = -3*q, -4*k - 2 = 6. What is the remainder when q is divided by 19?
17
Let i = 11 + -4. Suppose i*g - 3 = 8*g. Let t = 14 + g. Calculate the remainder when t is divided by 7.
4
Let f(b) = b**3 + 3*b**2 - 4*b - 3. Let i(k) = -k**3 + 7*k**2 - 8*k + 9. Let p be i(6). Calculate the remainder when 34 is divided by f(p).
7
Let o = 24 - 21. Suppose -9*q + 6*q = -o. Let w(j) = 13*j - 2. What is the remainder when 19 is divided by w(q)?
8
Suppose -n + 126 = 5*n. Let s(i) = 7*i + 73. Calculate the remainder when s(-2) is divided by n.
17
Suppose -5*y - 35 + 415 = 0. Suppose -7*s + 113 + y = 0. Calculate the remainder when s is divided by 6.
3
Let k(u) = 2*u**2 - 19*u + 84. What is the remainder when k(12) is divided by 34?
8
Suppose -2*j - 1 = 17. Let i = j + 21. What is the remainder when i/(-4 + 0) - -15 is divided by 4?
0
Let i(j) = 46*j - 74. Let a be i(9). Let x = -236 + a. Calculate the remainder when x is divided by 22.
16
Let p be -6*(36/(-8) - -1). Suppose -2*n - 2*k = 3*k - 49, -3*k - p = -3*n. Calculate the remainder when 41 is divided by n.
5
Let z(r) = r**2 - 7*r + 2. Let n be z(7). Suppose 0*d - n*d = -98. Let g(p) = p**3 - 3*p**2 - 7*p + 2. Calculate the remainder when d is divided by g(5).
15
Let y(w) = w**3 + 1 + 2 - 40*w + 45*w - 11*w**2. What is the remainder when y(11) is divided by 10?
8
Let d(u) = -u - 11. Let j be d(-12). Let v be (-1 - j)*2/(-4). Suppose -31 = -3*w - v. Calculate the remainder when 17 is divided by w.
7
Suppose -3*t - 33 = -5*o, 3*o + 5 = -3*t - 4. Let n(r) = -3*r - 14. What is the remainder when ((-14)/(-8))/((-1)/(-8)) is divided by n(t)?
2
What is the remainder when (238/(-17))/(-2) - (-2798)/2 is divided by 11?
9
Suppose -43*n + 62 = 3*m - 47*n, -106 = -5*m + 4*n. What is the remainder when 24 is divided by m?
2
Let b = 220 - 197. Let s = 15 - 10. What is the remainder when b is divided by s?
3
Let j = 166 + -146. What is the remainder when 57 is divided by j?
17
Suppose 0 = -l + k - 2*k + 8, 5*l = -k + 24. Let m = l - -2. What is the remainder when 23 is divided by m?
5
What is the remainder when (-2)/((-68)/(-17) - (-92)/(-22)) is divided by 6?
5
Suppose -3098 + 778 = -16*v. What is the remainder when v is divided by 37?
34
Let m = -375 + 396. Let i(l) = l**3 + 6*l**2 - 2*l + 5. What is the remainder when i(-5) is divided by m?
19
Let s be (-8)/4 + 177 - (-1 + 0). Let g = s - 117. Calculate the remainder when g is divided by 12.
11
Let v(y) = 24*y + 15. Let m(r) = 6 - 14 - 9*r - 3*r. Let f(o) = -9*m(o) - 5*v(o). What is the remainder when f(-3) is divided by 18?
15
Suppose 82 + 6 = 2*j + 3*a, 3*j + 5*a = 130. Calculate the remainder when 92 is divided by j.
42
Let i(t) = t**3 - 6*t**2 + 3*t - 3. Let b be i(6). Let g = 27 - b. What is the remainder when 32 is divided by g?
8
Suppose -25*x = 37*x - 6448. What is the remainder when 1558 is divided by x?
102
Let l = -780 + 1099. Calculate the remainder when l is divided by 12.
7
Suppose 75*q - 84*q = -126. Calculate the remainder when q is divided by 8.
6
Suppose m = -0*t - 5*t + 51, 0 = m + 3*t - 41. Suppose -10*w - w + 1111 = 0. What is the remainder when w is divided by m?
23
Let t(o) = -o**2 - o + 10. Let q be t(0). Suppose q*i - 16 = 14. Calculate the remainder when 11 is divided by i.
2
Suppose 0*j + 16 = -3*j + 4*t, 20 = 5*t. Suppose j = -4*l + 103 - 15. Suppose -31*r - 2596 = 250*r - 14398. What is the remainder when r is divided by l?
20
Suppose w - 4*b = 44, 4*w + b - 115 = -w. Let p(d) = -2*d - 5. Suppose -2*c = 8, 0*h - 5*c = h + 25. What is the remainder when w is divided by p(h)?
4
Suppose -3*w - 26 = -5*d - 4*w, 5*d + 3*w - 18 = 0. Suppose -d*g - g + 287 = 0. Calculate the remainder when 79 is divided by g.
38
Suppose 0 = -3*d + 25 - 4. Calculate the remainder when 51 is divided by d.
2
Let g be (9/2)/(18/(-24)). Suppose -5*k + 3 = -42. What is the remainder when (-10)/((-7)/3*g/(-21)) is divided by k?
6
Let n be (-4)/6 - 77/(-3). Suppose -3*k + 5*p = -9, -191*k - 3*p = -195*k + 12. Suppose -k*g = -8*g + n. Calculate the remainder when 18 is divided by g.
3
Let d = -24 + 29. What is the remainder when 14 is divided by d?
4
Let m(x) = -97*x - 952. Let y = -11 + 21. Calculate the remainder when m(-10) is divided by y.
8
Let f be (-12)/9*3 + 0. Let j = 18 - f. Calculate the remainder when j is divided by 5.
2
Suppose -2*w + 5*w = -150. Let h = w + 116. Suppose 5*c - h + 11 = 0. Calculate the remainder when 53 is divided by c.
9
Let b(v) = -v**2 - 15*v + 52. Calculate the remainder when b(-12) is divided by 32.
24
What is the remainder when 120/150*(0 - 235/(-2)) is divided by 4?
2
Let p(k) = 4*k + 7*k - 14*k + 4. Calculate the remainder when (1 - 2) + (2 - -63) is divided by p(-6).
20
Let q(b) = 89*b**2 + 3*b + 2. Let m = 2 + 0. Suppose -m*y - 3*n = -69, -2*y - n = 3*y - 153. What is the remainder when q(-1) is divided by y?
28
Let p(b) = -19*b**3 + b. Suppose -12*v = -8*v + 4. Calculate the remainder when p(v) is divided by 9.
0
Suppose 0 = 3*p - 2*w + 10, 0 = -3*p - w + 2 + 3. Suppose 4*c - 208 = -p*c. What is the remainder when c is divided by ((-1)/(-1))/((-1)/(-18))?
16
Let r = -34 - -44. Suppose r*i = 13*i - 39. Calculate the remainder when 49 is divided by i.
10
Suppose 83 + 25 = 4*t. Calculate the remainder when 161 is divided by t.
26
Let s(b) = b**2 - 3*b - 9. Let o be s(5). Calculate the remainder when 14 is divided by o/(-2 - 9/(-4)).
2
Let g(f) = -137*f - 96. Calculate the remainder when g(-1) is divided by 18.
5
Let f = 263 - 180. Let a = f - 70. What is the remainder when 63 is divided by a?
11
Suppose 0 = z - 4, -2*w - 125 + 37 = 4*z. Suppose -19 = -2*l + x, -2*l - 2*x = -0*l - 4. What is the remainder when 8/w - (-786)/39 is divided by l?
6
Let m(s) = 2*s**3 - 3*s**2 - s + 7. Calculate the remainder when 29*2 + (-1 - 2) + 4 is divided by m(3).
28
Let o = -6 - -19. Suppose -3*w - 30 = 2*s, 0 = 4*s - w + 22 + 24. Let a(j) = -4*j - 10. Calculate the remainder when a(s) is divided by o.
12
Let p(w) = 2*w + 10. Let t be p(-5). Suppose -v + 28 + 14 = t. Calculate the remainder when v is divided by 15.
12
Let z be (-3 - 0 - 1) + 12. Let k(x) = -x + 21. What is the remainder when k(z) is divided by 7?
6
Suppose 0 = 2*z - 4*n - 152, 0 = 3*z - 0*n + 5*n - 217. Suppose 3*i + y - 16 - 95 = 0, 2*y = -2*i + z. What is the remainder when 66 is divided by i?
29
Let f be -4*(0 - 2 - -1). Suppose 3*u + f*p + 0*p - 242 = 0, -5*p = 2*u - 166. Let z = -9259 -